 26 and 26.
26
Calculate the greatest common divisor of 4347 and 161.
161
Calculate the highest common divisor of 30 and 550.
10
What is the greatest common factor of 24312 and 12?
12
Calculate the greatest common divisor of 29 and 464.
29
What is the greatest common factor of 142 and 852?
142
Calculate the greatest common factor of 16668 and 36.
36
What is the greatest common divisor of 4 and 2452?
4
Calculate the highest common factor of 26328 and 48.
24
What is the greatest common divisor of 24 and 3408?
24
Calculate the highest common factor of 12296 and 265.
53
What is the highest common factor of 497 and 1633?
71
What is the highest common factor of 19 and 209?
19
Calculate the greatest common divisor of 8881 and 415.
83
Calculate the highest common divisor of 196 and 84.
28
What is the highest common factor of 80 and 140?
20
Calculate the greatest common divisor of 5771 and 29.
29
Calculate the highest common divisor of 2 and 8470.
2
What is the greatest common divisor of 192 and 64?
64
Calculate the greatest common factor of 444 and 588.
12
What is the highest common factor of 6943 and 655?
131
What is the highest common factor of 39226 and 44?
22
What is the greatest common factor of 12 and 1164?
12
Calculate the greatest common divisor of 1206 and 4288.
134
What is the highest common factor of 135 and 5?
5
What is the highest common divisor of 13 and 143?
13
Calculate the greatest common factor of 1768 and 80.
8
What is the highest common factor of 11 and 12782?
11
Calculate the greatest common factor of 90 and 13410.
90
What is the highest common factor of 546 and 3666?
78
What is the highest common divisor of 3 and 6?
3
Calculate the greatest common divisor of 30 and 2130.
30
Calculate the highest common divisor of 12789 and 49.
49
What is the highest common factor of 80 and 150?
10
Calculate the greatest common divisor of 6500 and 78.
26
What is the greatest common factor of 60 and 15915?
15
What is the greatest common divisor of 748 and 306?
34
What is the highest common divisor of 2159 and 17?
17
Calculate the highest common divisor of 504 and 294.
42
Calculate the highest common divisor of 91 and 1781.
13
Calculate the highest common divisor of 8 and 16.
8
Calculate the highest common divisor of 9900 and 891.
99
What is the greatest common factor of 460 and 120?
20
What is the highest common divisor of 63 and 45?
9
What is the highest common factor of 75 and 3180?
15
What is the highest common factor of 328 and 96?
8
What is the highest common factor of 8386 and 14?
14
What is the greatest common divisor of 64 and 8?
8
What is the greatest common factor of 81 and 729?
81
Calculate the greatest common factor of 54 and 24.
6
Calculate the greatest common factor of 94097 and 73.
73
Calculate the highest common factor of 2256 and 144.
48
Calculate the highest common factor of 18 and 15966.
18
What is the greatest common divisor of 6 and 24?
6
What is the greatest common factor of 8 and 512?
8
Calculate the greatest common divisor of 320 and 36.
4
Calculate the greatest common factor of 1027 and 237.
79
Calculate the greatest common factor of 64 and 28.
4
Calculate the highest common divisor of 2 and 4727.
1
Calculate the highest common divisor of 798 and 462.
42
What is the highest common divisor of 29 and 10904?
29
What is the greatest common divisor of 440 and 32?
8
What is the greatest common factor of 169 and 4563?
169
Calculate the greatest common divisor of 21 and 642.
3
Calculate the highest common factor of 252 and 36.
36
Calculate the highest common divisor of 296 and 37.
37
What is the highest common divisor of 59 and 23777?
59
What is the greatest common divisor of 2400 and 96?
96
What is the greatest common divisor of 42 and 1182?
6
Calculate the highest common divisor of 33 and 352.
11
What is the greatest common divisor of 4500 and 495?
45
What is the highest common factor of 399 and 6552?
21
Calculate the greatest common divisor of 167 and 5.
1
What is the greatest common divisor of 64 and 800?
32
What is the greatest common factor of 15 and 35205?
15
What is the highest common divisor of 64 and 68416?
64
Calculate the highest common divisor of 408 and 7956.
204
What is the highest common factor of 51 and 2210?
17
Calculate the greatest common factor of 489 and 28036.
163
What is the greatest common factor of 107980 and 20?
20
Calculate the greatest common factor of 42 and 714.
42
Calculate the greatest common divisor of 90 and 450.
90
What is the highest common factor of 5060 and 40?
20
What is the greatest common factor of 72 and 54?
18
Calculate the greatest common divisor of 152 and 190.
38
What is the highest common factor of 84 and 2415?
21
What is the greatest common factor of 27 and 3099?
3
Calculate the highest common divisor of 75 and 20400.
75
Calculate the highest common factor of 549 and 9.
9
What is the greatest common divisor of 686 and 490?
98
What is the greatest common divisor of 6176 and 64?
32
Calculate the greatest common factor of 7 and 847.
7
Calculate the highest common divisor of 133 and 437.
19
What is the highest common divisor of 287 and 112?
7
What is the greatest common factor of 4768 and 32?
32
Calculate the highest common divisor of 105 and 75.
15
What is the greatest common divisor of 66 and 30?
6
What is the greatest common factor of 14 and 3?
1
Calculate the highest common divisor of 106020 and 228.
228
Calculate the highest common factor of 225 and 5.
5
Calculate the highest common divisor of 1148 and 28.
28
What is the highest common divisor of 40 and 70?
10
Calculate the greatest common divisor of 171 and 247.
19
What is the highest common divisor of 702 and 342?
18
Calculate the highest common divisor of 53 and 41711.
53
Calculate the highest common factor of 6854 and 92.
46
Calculate the highest common divisor of 87 and 290.
29
Calculate the highest common factor of 32 and 2064.
16
Calculate the highest common divisor of 222 and 296.
74
What is the highest common factor of 64 and 16416?
32
What is the greatest common factor of 381 and 635?
127
What is the highest common factor of 71 and 2272?
71
Calculate the greatest common divisor of 13778 and 166.
166
What is the highest common factor of 136 and 85?
17
What is the highest common factor of 13 and 1170?
13
Calculate the highest common divisor of 238 and 1768.
34
Calculate the highest common factor of 45 and 8550.
45
Calculate the highest common factor of 20878 and 1430.
286
What is the highest common factor of 369 and 45?
9
Calculate the greatest common factor of 15 and 15195.
15
What is the greatest common divisor of 7686 and 28?
14
Calculate the greatest common divisor of 915 and 3.
3
What is the greatest common divisor of 143 and 1265?
11
Calculate the greatest common factor of 10 and 265.
5
What is the highest common factor of 450 and 100?
50
What is the highest common factor of 41171 and 13?
13
Calculate the highest common divisor of 6 and 5718.
6
What is the greatest common divisor of 51 and 17?
17
What is the highest common divisor of 4237 and 19?
19
Calculate the greatest common divisor of 323 and 133.
19
Calculate the greatest common divisor of 583 and 4134.
53
Calculate the highest common factor of 44 and 99.
11
Calculate the greatest common divisor of 350 and 8225.
175
Calculate the greatest common divisor of 80 and 6920.
40
Calculate the greatest common divisor of 497 and 426.
71
What is the greatest common factor of 646 and 589?
19
What is the greatest common factor of 39 and 195?
39
Calculate the highest common divisor of 18 and 2142.
18
What is the greatest common factor of 117 and 18?
9
What is the greatest common factor of 213 and 1136?
71
Calculate the greatest common factor of 24738 and 14.
14
What is the greatest common factor of 297 and 4257?
99
Calculate the highest common divisor of 1904 and 560.
112
What is the greatest common factor of 132 and 88?
44
Calculate the greatest common divisor of 820 and 20.
20
What is the greatest common divisor of 64980 and 228?
228
Calculate the greatest common factor of 31141 and 418.
209
What is the greatest common factor of 204 and 90?
6
What is the greatest common divisor of 1568 and 14?
14
Calculate the greatest common factor of 1425 and 150.
75
What is the high